{"id":7,"date":"2024-08-11T01:04:43","date_gmt":"2024-08-10T23:04:43","guid":{"rendered":"https:\/\/gratis-erotik.com\/sexchatohnegeld\/?page_id=7"},"modified":"2024-08-11T13:16:17","modified_gmt":"2024-08-11T11:16:17","slug":"sexchat-ohne-geld","status":"publish","type":"page","link":"https:\/\/gratis-erotik.com\/sexchatohnegeld\/","title":{"rendered":"Sexchat ohne Geld"},"content":{"rendered":"\n<h2 class=\"wp-block-heading\">Guter Sexchat wo sexy Camchat Frauen strippen<\/h2>\n\n\n\n<p>Den Sexchat ohne Geld gibt es und das auch in guter Qualit\u00e4t, man muss ja nicht immer zahlen, wenn man etwas Gutes haben will. Unsere hei\u00dfen Sexchat Frauen sind da ein der besten Beispiele, wenn man an gratis Camchat denkt. Jeder kann sich hier bei uns davon \u00fcberzeugen. Wir zeigen euch, wo ihr Sexchat Coupons und kostenlose Gutscheine bekommt. Wir zeigen euch Chatportale, wo den ganzen Tag nackte Sexchat Weiber online sind. Geile Luder, die den online Spa\u00df lieben und es lieben dich mit versauter Camchat Erotik zu befriedigen. <\/p>\n\n\n\n<p>So wie ihr es eben auch von anderen Camsex Seiten oder Blogs bei gratis Erotik kennt, werden wir euch hier h\u00fcbsche Girl vorstellen. Ein \u201eGibt es nicht\u201c ist in unserem Wortschatz nicht enthalten, sonst w\u00e4ren wir nicht so bekannt. Wenn ihr es  auf einen gratis Sexchat abgesehen habt, sind kostenlose Gutscheine und Coupons immer noch die erste Wahl. Wenn du <a href=\"https:\/\/gratis-erotik.com\/erotikchat-girls\/nackte-girls-im-erotikchat\/\">spezielle W\u00fcnsche im Erotik Chat<\/a> versp\u00fcrst, brauchst du den Chat-Damen diese nur mitzuteilen. Ganz sicher bringen die <a href=\"https:\/\/gratis-erotik.com\/sex-chatten\/sexcam-chatten-mit-sexy-chatluder\/\">Chatluder<\/a> auch dich zum Spritzen. Die meisten Chatweiber erf\u00fcllen gerne Sonderw\u00fcnsche beim <a href=\"https:\/\/gratis-erotik.com\/nackt-chatten\/hardcore-girl-will-sex-chatten\/\">Sex Chatten<\/a>. <\/p>\n\n\n\n<a class=\"maxbutton-1 maxbutton maxbutton-sexchatohnegeld\" href=\"https:\/\/gratis-erotik.com\/sexchatohnegeld\/sexchattesten\/\"><span class='mb-text'>Hier Sexchat Gutscheine f\u00fcr einen Gratis Erotikchat -&gt;&gt;<\/span><\/a>\n\n\n\n<h3 class=\"wp-block-heading\">Sexchat Testen ohne Bezahlen<\/h3>\n\n\n\n<p>Wir wollen euch hier tolle Chat Girls vorstellen, die breit sind, mit euch einen geilen Sexchat zu erleben. Dabei kommen Chatplattformen zum Einsatz, wo ihr \u00fcber einen Gutschein den Livechat testen k\u00f6nnt. Wo attraktive Chatgirls sich in den tabulosen Sexchats nackt ausziehen und gleichzeitig mit euch nackt chatten. Wir versuchen dabei Webseiten auszuw\u00e4hlen, wo ihr zum Start ohne bezahlen auskommt. <\/p>\n\n\n\n<p>Auf allen Seiten, die wir euch hier zeigen, gab es beim Schreiben dieser Vorlage einen Gutschein, sodass man Sexchat testen konnte und das ohne bezahlen. \u00dcber die Zeit k\u00f6nnen sich solche Nackt und Sexchat Angebote nat\u00fcrlich \u00e4ndern, aber wir bleiben da am Ball f\u00fcr euch. \u00dcber die Gutscheine und das Sexchat testen hat jeder die M\u00f6glichkeit sich selbst davon \u00fcberzeugen, was ihn beim erotischen Chatten so erwartet. Nicht jeder kann sich vorstellen, dass es sexy Frauen gibt, die sich in einem privaten Videochat komplett ausziehen und dass trotzdem alles mit rechten Dingen vor sich geht.<\/p>\n\n\n\n<p>Es bleibt meist ja auch nicht bei einem gratis Erotik Chat. Den meisten der sexy Strip Girls w\u00fcrde das wahrlich nicht reichen. Fast alle Camsex Girls haben nach einem Sex Chat Lust auf deutlich mehr. Da gibt es private Verabredungen mit scharfen Frauen, die euch mit gutem Sex verw\u00f6hnen wollen. Es ist vieles m\u00f6glich, aber es gibt nat\u00fcrlich keinerlei Garantie, dass mit dem Sextreffen auch klappt, weil sich das immer dem Betreiber der Erotik Plattformen entzieht. F\u00fcr viele ist der scharfe Sexchat ohne Geld eher ein Vorgeschmack zum unverbindlich kennenlernen.  Alles, was danach kommt, ist ein gratis Zugabe. <\/p>\n\n\n\n<a class=\"maxbutton-2 maxbutton maxbutton-sexchatohnegeld2\" href=\"https:\/\/gratis-erotik.com\/sexchatohnegeld\/sexchattesten\/\"><span class='mb-text'>Mit sexy Frauen einen geilen Sex Chat Starten -&gt;&gt;<\/span><\/a>\n\n\n\n<h3 class=\"wp-block-heading\">Genie\u00dfe Sexchats mit attraktiven Chatgirls<\/h3>\n\n\n\n<p>Uns ist bewusst, dass vieler der notgeilen Chatgirls alles geben, damit euch auch die kostenlos Sexchat Show gef\u00e4llt. Von daher k\u00f6nnt ihr euch entspannen und eine ganz pers\u00f6nliche dreckige Camchat Show genie\u00dfen. Ihr werdet frei von \u00dcberraschungen einen dieser tabulosen Sexchats erleben und mit atemberaubenden Chatweibern guten Cam Sex erleben. Ganz nach euren sexuellen Vorstellungen werden sich die Chat-Damen um euch k\u00fcmmern. <\/p>\n\n\n\n<p>F\u00fcr viele bedeutet das, wenn man sich gratis registrieren kann, auch kostenlos chatten kann. Leider ist dem nicht ganz so. \u00dcber den Sexchat Gutschein kann man kostenlos testen, aber halt nicht dauerhaft. Dass die meisten Besucher immer wieder zu uns kommen ist f\u00fcr uns ein sicheres Zeichen, dass wir bei gratis Erotik eigentlich alles richtig machen. <\/p>\n\n\n\n<p>Viele der hei\u00dfen Chatgirls haben richtige Fans, die sie fast t\u00e4glich kurz besuchen f\u00fcr einen kurzen Strip. Oftmals auch von der Arbeite aus. Viele der Sexchat Frauen ist die  Befriedigung ihrer Zuschauer immens wichtig, sodass zum <a href=\"https:\/\/gratis-erotik.com\/camsex-chats\/sex-chats-mit-livestrip-girls\/\">tabulosen Livestrip<\/a> auch immer eine kurze Unterhaltung geh\u00f6rt. Es gibt sogar Besucher, die tiefgr\u00fcndige Erotikgespr\u00e4che f\u00fchren, weil sie einfach mal wen zum Ausquatschen suchen. Wie schon erw\u00e4hnt fast alles, was den Zuschauer erregt wird, zielgerichtet umgesetzt. Lasst euch \u00fcberraschen bei eurem ersten Besuch. Jeder sollte die Sexchat Angebote erst einmal \u00fcber einen Cam-Gutschein testen.<\/p>\n\n\n\n<a class=\"maxbutton-3 maxbutton maxbutton-sexchatohnegeld3\" href=\"https:\/\/gratis-erotik.com\/sexchatohnegeld\/sexchattesten\/\"><span class='mb-text'>Hier aufregende Frauen zum kostenlos Sex Chatten -&gt;&gt;<\/span><\/a>\n\n\n\n<h3 class=\"wp-block-heading\">Vorsicht vor den Falschen Sexchat Gutscheinen<\/h3>\n\n\n\n<p>Oftmals werden 50 Euro Sexchat Gutscheine angeboten, aber vor diesen sollte man sich fernhalten. \u00d6fters sind es internationale Konzerne, die damit nur Kunden locken wollen, aber keinen richtigen Sexchat bieten. Zweifelhaft ist auch, ob auf diesen Erotik Chatplattformen jemals Deutsche Sexchat Weiber registriert zugegen waren. <\/p>\n\n\n\n<p>Gr\u00f6\u00dftenteils wird einen Sexchat ohne Geld angeboten, aber diese Versprochen sind dann \u00fcberwiegend nichts wert. Diese dienen nur an die E-Mail-Adressen und anderen Kontakt Daten zu kommen, um diese gewinnbringend weiterzuverkaufen. Von solchen K\u00f6derangeboten sollte man immer Abstand halten.  <\/p>\n\n\n\n<p><\/p>\n","protected":false},"excerpt":{"rendered":"<p>Guter Sexchat wo sexy Camchat Frauen strippen Den Sexchat ohne Geld gibt es und das auch in guter Qualit\u00e4t, man muss ja nicht immer zahlen, wenn man etwas Gutes haben will. Unsere hei\u00dfen Sexchat Frauen sind da ein der besten Beispiele, wenn man an gratis Camchat denkt. Jeder kann sich hier bei uns davon \u00fcberzeugen. [&hellip;]<\/p>\n","protected":false},"author":1,"featured_media":0,"parent":0,"menu_order":0,"comment_status":"closed","ping_status":"closed","template":"","meta":{"footnotes":""},"class_list":["post-7","page","type-page","status-publish","hentry","entry"],"yoast_head":"<!-- This site is optimized with the Yoast SEO plugin v27.4 - https:\/\/yoast.com\/product\/yoast-seo-wordpress\/ -->\n<title>Sexchat ohne Geld<\/title>\n<meta name=\"robots\" content=\"index, follow, max-snippet:-1, max-image-preview:large, max-video-preview:-1\" \/>\n<link rel=\"canonical\" href=\"https:\/\/gratis-erotik.com\/sexchatohnegeld\/\" \/>\n<meta property=\"og:locale\" content=\"de_DE\" \/>\n<meta property=\"og:type\" content=\"article\" \/>\n<meta property=\"og:title\" content=\"Sexchat ohne Geld\" \/>\n<meta property=\"og:description\" content=\"Guter Sexchat wo sexy Camchat Frauen strippen Den Sexchat ohne Geld gibt es und das auch in guter Qualit\u00e4t, man muss ja nicht immer zahlen, wenn man etwas Gutes haben will. Unsere hei\u00dfen Sexchat Frauen sind da ein der besten Beispiele, wenn man an gratis Camchat denkt. Jeder kann sich hier bei uns davon \u00fcberzeugen. [&hellip;]\" \/>\n<meta property=\"og:url\" content=\"https:\/\/gratis-erotik.com\/sexchatohnegeld\/\" \/>\n<meta property=\"og:site_name\" content=\"Sexchat ohne Geld\" \/>\n<meta property=\"article:modified_time\" content=\"2024-08-11T11:16:17+00:00\" \/>\n<meta name=\"twitter:card\" content=\"summary_large_image\" \/>\n<meta name=\"twitter:label1\" content=\"Gesch\u00e4tzte Lesezeit\" \/>\n\t<meta name=\"twitter:data1\" content=\"5\u00a0Minuten\" \/>\n<script type=\"application\/ld+json\" class=\"yoast-schema-graph\">{\"@context\":\"https:\\\/\\\/schema.org\",\"@graph\":[{\"@type\":\"WebPage\",\"@id\":\"https:\\\/\\\/gratis-erotik.com\\\/sexchatohnegeld\\\/\",\"url\":\"https:\\\/\\\/gratis-erotik.com\\\/sexchatohnegeld\\\/\",\"name\":\"Sexchat ohne Geld\",\"isPartOf\":{\"@id\":\"https:\\\/\\\/gratis-erotik.com\\\/sexchatohnegeld\\\/#website\"},\"datePublished\":\"2024-08-10T23:04:43+00:00\",\"dateModified\":\"2024-08-11T11:16:17+00:00\",\"breadcrumb\":{\"@id\":\"https:\\\/\\\/gratis-erotik.com\\\/sexchatohnegeld\\\/#breadcrumb\"},\"inLanguage\":\"de\",\"potentialAction\":[{\"@type\":\"ReadAction\",\"target\":[\"https:\\\/\\\/gratis-erotik.com\\\/sexchatohnegeld\\\/\"]}]},{\"@type\":\"BreadcrumbList\",\"@id\":\"https:\\\/\\\/gratis-erotik.com\\\/sexchatohnegeld\\\/#breadcrumb\",\"itemListElement\":[{\"@type\":\"ListItem\",\"position\":1,\"name\":\"Startseite\",\"item\":\"https:\\\/\\\/gratis-erotik.com\\\/sexchatohnegeld\\\/\"},{\"@type\":\"ListItem\",\"position\":2,\"name\":\"Sexchat ohne Geld\"}]},{\"@type\":\"WebSite\",\"@id\":\"https:\\\/\\\/gratis-erotik.com\\\/sexchatohnegeld\\\/#website\",\"url\":\"https:\\\/\\\/gratis-erotik.com\\\/sexchatohnegeld\\\/\",\"name\":\"Sexchat ohne Geld\",\"description\":\"Gratis Sexchat Test\",\"potentialAction\":[{\"@type\":\"SearchAction\",\"target\":{\"@type\":\"EntryPoint\",\"urlTemplate\":\"https:\\\/\\\/gratis-erotik.com\\\/sexchatohnegeld\\\/?s={search_term_string}\"},\"query-input\":{\"@type\":\"PropertyValueSpecification\",\"valueRequired\":true,\"valueName\":\"search_term_string\"}}],\"inLanguage\":\"de\"}]}<\/script>\n<!-- \/ Yoast SEO plugin. -->","yoast_head_json":{"title":"Sexchat ohne Geld","robots":{"index":"index","follow":"follow","max-snippet":"max-snippet:-1","max-image-preview":"max-image-preview:large","max-video-preview":"max-video-preview:-1"},"canonical":"https:\/\/gratis-erotik.com\/sexchatohnegeld\/","og_locale":"de_DE","og_type":"article","og_title":"Sexchat ohne Geld","og_description":"Guter Sexchat wo sexy Camchat Frauen strippen Den Sexchat ohne Geld gibt es und das auch in guter Qualit\u00e4t, man muss ja nicht immer zahlen, wenn man etwas Gutes haben will. Unsere hei\u00dfen Sexchat Frauen sind da ein der besten Beispiele, wenn man an gratis Camchat denkt. Jeder kann sich hier bei uns davon \u00fcberzeugen. [&hellip;]","og_url":"https:\/\/gratis-erotik.com\/sexchatohnegeld\/","og_site_name":"Sexchat ohne Geld","article_modified_time":"2024-08-11T11:16:17+00:00","twitter_card":"summary_large_image","twitter_misc":{"Gesch\u00e4tzte Lesezeit":"5\u00a0Minuten"},"schema":{"@context":"https:\/\/schema.org","@graph":[{"@type":"WebPage","@id":"https:\/\/gratis-erotik.com\/sexchatohnegeld\/","url":"https:\/\/gratis-erotik.com\/sexchatohnegeld\/","name":"Sexchat ohne Geld","isPartOf":{"@id":"https:\/\/gratis-erotik.com\/sexchatohnegeld\/#website"},"datePublished":"2024-08-10T23:04:43+00:00","dateModified":"2024-08-11T11:16:17+00:00","breadcrumb":{"@id":"https:\/\/gratis-erotik.com\/sexchatohnegeld\/#breadcrumb"},"inLanguage":"de","potentialAction":[{"@type":"ReadAction","target":["https:\/\/gratis-erotik.com\/sexchatohnegeld\/"]}]},{"@type":"BreadcrumbList","@id":"https:\/\/gratis-erotik.com\/sexchatohnegeld\/#breadcrumb","itemListElement":[{"@type":"ListItem","position":1,"name":"Startseite","item":"https:\/\/gratis-erotik.com\/sexchatohnegeld\/"},{"@type":"ListItem","position":2,"name":"Sexchat ohne Geld"}]},{"@type":"WebSite","@id":"https:\/\/gratis-erotik.com\/sexchatohnegeld\/#website","url":"https:\/\/gratis-erotik.com\/sexchatohnegeld\/","name":"Sexchat ohne Geld","description":"Gratis Sexchat Test","potentialAction":[{"@type":"SearchAction","target":{"@type":"EntryPoint","urlTemplate":"https:\/\/gratis-erotik.com\/sexchatohnegeld\/?s={search_term_string}"},"query-input":{"@type":"PropertyValueSpecification","valueRequired":true,"valueName":"search_term_string"}}],"inLanguage":"de"}]}},"_links":{"self":[{"href":"https:\/\/gratis-erotik.com\/sexchatohnegeld\/wp-json\/wp\/v2\/pages\/7","targetHints":{"allow":["GET"]}}],"collection":[{"href":"https:\/\/gratis-erotik.com\/sexchatohnegeld\/wp-json\/wp\/v2\/pages"}],"about":[{"href":"https:\/\/gratis-erotik.com\/sexchatohnegeld\/wp-json\/wp\/v2\/types\/page"}],"author":[{"embeddable":true,"href":"https:\/\/gratis-erotik.com\/sexchatohnegeld\/wp-json\/wp\/v2\/users\/1"}],"replies":[{"embeddable":true,"href":"https:\/\/gratis-erotik.com\/sexchatohnegeld\/wp-json\/wp\/v2\/comments?post=7"}],"version-history":[{"count":11,"href":"https:\/\/gratis-erotik.com\/sexchatohnegeld\/wp-json\/wp\/v2\/pages\/7\/revisions"}],"predecessor-version":[{"id":28,"href":"https:\/\/gratis-erotik.com\/sexchatohnegeld\/wp-json\/wp\/v2\/pages\/7\/revisions\/28"}],"wp:attachment":[{"href":"https:\/\/gratis-erotik.com\/sexchatohnegeld\/wp-json\/wp\/v2\/media?parent=7"}],"curies":[{"name":"wp","href":"https:\/\/api.w.org\/{rel}","templated":true}]}}